{"id":18,"date":"2017-07-20T12:02:35","date_gmt":"2017-07-20T10:02:35","guid":{"rendered":"http:\/\/localhost\/wordpress\/?page_id=18"},"modified":"2020-01-26T20:27:40","modified_gmt":"2020-01-26T19:27:40","slug":"contact","status":"publish","type":"page","link":"https:\/\/www.havelette-avocats-rouen.aha-avocats.fr\/accueil\/contact\/","title":{"rendered":"Contact"},"content":{"rendered":"\n<div class=\"is-layout-flex wp-container-3 wp-block-columns has-2-columns\">\n<div class=\"is-layout-flow wp-block-column\">\n<h3>Coordon\u00e9es :<br><\/h3>\n\n\n\n<figure class=\"wp-block-table alignleft is-style-stripes\"><table class=\"has-fixed-layout\"><tbody><tr><td> Tel. :  <\/td><td>02.35.88.54.54 (de 9h00 \u00e0 18h00)<\/td><\/tr><tr><td> Fax :  <\/td><td>02 35 89 56 05<\/td><\/tr><tr><td><\/td><td>              <\/td><\/tr><tr><td> Adresse : <\/td><td> 45 all\u00e9e Paul Langevin &#8211;  Immeuble Copernic         <\/td><\/tr><tr><td><\/td><td>76230 Bois Guillaume<\/td><\/tr><\/tbody><\/table><\/figure>\n\n\n\n<p><\/p>\n<\/div>\n\n\n\n<div class=\"is-layout-flow wp-block-column\">\n<h3>Horaires :<\/h3>\n\n\n\n<p>Du Lundi au Vendredi, de 9h \u00e0 12h et de 14h \u00e0 17h30<\/p>\n\n\n\n<p><strong>Uniquement sur rendez-vous<\/strong><\/p>\n\n\n\n<p><\/p>\n<\/div>\n<\/div>\n\n\n\n<hr class=\"wp-block-separator\"\/>\n\n\n\n<p><\/p>\n\n\n\n<h3 id=\"contactform\">&nbsp;Formulaire de contact :<\/h3>\n\n\n<div role=\"form\" class=\"wpcf7\" id=\"wpcf7-f87-o1\" lang=\"fr-FR\" dir=\"ltr\">\n<div class=\"screen-reader-response\"><p role=\"status\" aria-live=\"polite\" aria-atomic=\"true\"><\/p> <ul><\/ul><\/div>\n<form action=\"\/accueil\/wp-json\/wp\/v2\/pages\/18#wpcf7-f87-o1\" method=\"post\" class=\"wpcf7-form init\" novalidate=\"novalidate\" data-status=\"init\">\n<div style=\"display: none;\">\n<input type=\"hidden\" name=\"_wpcf7\" value=\"87\" \/>\n<input type=\"hidden\" name=\"_wpcf7_version\" value=\"5.6\" \/>\n<input type=\"hidden\" name=\"_wpcf7_locale\" value=\"fr_FR\" \/>\n<input type=\"hidden\" name=\"_wpcf7_unit_tag\" value=\"wpcf7-f87-o1\" \/>\n<input type=\"hidden\" name=\"_wpcf7_container_post\" value=\"0\" \/>\n<input type=\"hidden\" name=\"_wpcf7_posted_data_hash\" value=\"\" \/>\n<input type=\"hidden\" name=\"_wpcf7_recaptcha_response\" value=\"\" \/>\n<\/div>\n<p><label> Votre nom (obligatoire)<br \/>\n    <span class=\"wpcf7-form-control-wrap\" data-name=\"your-name\"><input type=\"text\" name=\"your-name\" value=\"\" size=\"40\" class=\"wpcf7-form-control wpcf7-text wpcf7-validates-as-required\" aria-required=\"true\" aria-invalid=\"false\" \/><\/span> <\/label><\/p>\n<p><label> Votre e-mail (obligatoire)<br \/>\n    <span class=\"wpcf7-form-control-wrap\" data-name=\"your-email\"><input type=\"email\" name=\"your-email\" value=\"\" size=\"40\" class=\"wpcf7-form-control wpcf7-text wpcf7-email wpcf7-validates-as-required wpcf7-validates-as-email\" aria-required=\"true\" aria-invalid=\"false\" \/><\/span> <\/label><\/p>\n<p><label> Votre num\u00e9ro de t\u00e9l\u00e9phone (obligatoire)<br \/>\n    <span class=\"wpcf7-form-control-wrap\" data-name=\"tel-303\"><input type=\"tel\" name=\"tel-303\" value=\"\" size=\"40\" class=\"wpcf7-form-control wpcf7-text wpcf7-tel wpcf7-validates-as-required wpcf7-validates-as-tel\" aria-required=\"true\" aria-invalid=\"false\" \/><\/span> <\/label><\/p>\n<p><label> Objet<br \/>\n    <span class=\"wpcf7-form-control-wrap\" data-name=\"your-subject\"><input type=\"text\" name=\"your-subject\" value=\"\" size=\"40\" class=\"wpcf7-form-control wpcf7-text\" aria-invalid=\"false\" \/><\/span> <\/label><\/p>\n<p><label> Votre message<br \/>\n    <span class=\"wpcf7-form-control-wrap\" data-name=\"your-message\"><textarea name=\"your-message\" cols=\"40\" rows=\"10\" class=\"wpcf7-form-control wpcf7-textarea\" aria-invalid=\"false\"><\/textarea><\/span> <\/label><\/p>\n\n<p><input type=\"submit\" value=\"Envoyer\" class=\"wpcf7-form-control has-spinner wpcf7-submit\" \/><\/p>\n<div class=\"wpcf7-response-output\" aria-hidden=\"true\"><\/div><\/form><\/div>\n\n\n\n<hr class=\"wp-block-separator\"\/>\n\n\n\n<h3 id=\"accesplan\">Plan d&rsquo;acc\u00e8s :<\/h3>\n\n\n<p><iframe width=100% height=\"480\" src=\"https:\/\/macarte.ign.fr\/carte\/ead0f57e9e1a55d1fe3a44bb6730e2ae\/Cabinet_Havelette\" frameborder=\"0\" marginheight=\"0\" marginwidth=\"0\"><\/iframe><\/p>\n","protected":false},"excerpt":{"rendered":"<p>Coordon\u00e9es : Tel. : 02.35.88.54.54 (de 9h00 \u00e0 18h00) Fax : 02 35 89 56 05 Adresse : 45 all\u00e9e Paul Langevin &#8211; Immeuble Copernic 76230 Bois Guillaume Horaires : Du Lundi au Vendredi, de 9h \u00e0 12h et de 14h \u00e0 17h30 Uniquement sur rendez-vous &nbsp;Formulaire de contact : Plan d&rsquo;acc\u00e8s :<\/p>\n","protected":false},"author":1,"featured_media":0,"parent":0,"menu_order":0,"comment_status":"closed","ping_status":"closed","template":"","meta":[],"yoast_head":"<!-- This site is optimized with the Yoast SEO plugin v19.3 - https:\/\/yoast.com\/wordpress\/plugins\/seo\/ -->\n<title>Contact | Agn\u00e8s HAVELETTE<\/title>\n<meta name=\"robots\" content=\"index, follow, max-snippet:-1, max-image-preview:large, max-video-preview:-1\" \/>\n<link rel=\"canonical\" href=\"https:\/\/www.havelette-avocats-rouen.aha-avocats.fr\/accueil\/contact\/\" \/>\n<meta property=\"og:locale\" content=\"fr_FR\" \/>\n<meta property=\"og:type\" content=\"article\" \/>\n<meta property=\"og:title\" content=\"Contact | Agn\u00e8s HAVELETTE\" \/>\n<meta property=\"og:description\" content=\"Coordon\u00e9es : Tel. : 02.35.88.54.54 (de 9h00 \u00e0 18h00) Fax : 02 35 89 56 05 Adresse : 45 all\u00e9e Paul Langevin &#8211; Immeuble Copernic 76230 Bois Guillaume Horaires : Du Lundi au Vendredi, de 9h \u00e0 12h et de 14h \u00e0 17h30 Uniquement sur rendez-vous &nbsp;Formulaire de contact : Plan d&rsquo;acc\u00e8s :\" \/>\n<meta property=\"og:url\" content=\"https:\/\/www.havelette-avocats-rouen.aha-avocats.fr\/accueil\/contact\/\" \/>\n<meta property=\"og:site_name\" content=\"Agn\u00e8s HAVELETTE\" \/>\n<meta property=\"article:modified_time\" content=\"2020-01-26T19:27:40+00:00\" \/>\n<meta name=\"twitter:card\" content=\"summary_large_image\" \/>\n<script type=\"application\/ld+json\" class=\"yoast-schema-graph\">{\"@context\":\"https:\/\/schema.org\",\"@graph\":[{\"@type\":\"Organization\",\"@id\":\"https:\/\/www.havelette-avocats-rouen.aha-avocats.fr\/accueil\/#organization\",\"name\":\"Agn\u00e8s HAVELETTE\",\"url\":\"https:\/\/www.havelette-avocats-rouen.aha-avocats.fr\/accueil\/\",\"sameAs\":[],\"logo\":{\"@type\":\"ImageObject\",\"inLanguage\":\"fr-FR\",\"@id\":\"https:\/\/www.havelette-avocats-rouen.aha-avocats.fr\/accueil\/#\/schema\/logo\/image\/\",\"url\":\"https:\/\/www.havelette-avocats-rouen.aha-avocats.fr\/wp-content\/uploads\/2019\/04\/cropped-logo-grand-hd-contour-blacn-1-1.png\",\"contentUrl\":\"https:\/\/www.havelette-avocats-rouen.aha-avocats.fr\/wp-content\/uploads\/2019\/04\/cropped-logo-grand-hd-contour-blacn-1-1.png\",\"width\":2220,\"height\":696,\"caption\":\"Agn\u00e8s HAVELETTE\"},\"image\":{\"@id\":\"https:\/\/www.havelette-avocats-rouen.aha-avocats.fr\/accueil\/#\/schema\/logo\/image\/\"}},{\"@type\":\"WebSite\",\"@id\":\"https:\/\/www.havelette-avocats-rouen.aha-avocats.fr\/accueil\/#website\",\"url\":\"https:\/\/www.havelette-avocats-rouen.aha-avocats.fr\/accueil\/\",\"name\":\"Agn\u00e8s HAVELETTE\",\"description\":\"Avocat au barreau de Rouen\",\"publisher\":{\"@id\":\"https:\/\/www.havelette-avocats-rouen.aha-avocats.fr\/accueil\/#organization\"},\"potentialAction\":[{\"@type\":\"SearchAction\",\"target\":{\"@type\":\"EntryPoint\",\"urlTemplate\":\"https:\/\/www.havelette-avocats-rouen.aha-avocats.fr\/accueil\/?s={search_term_string}\"},\"query-input\":\"required name=search_term_string\"}],\"inLanguage\":\"fr-FR\"},{\"@type\":\"WebPage\",\"@id\":\"https:\/\/www.havelette-avocats-rouen.aha-avocats.fr\/accueil\/contact\/\",\"url\":\"https:\/\/www.havelette-avocats-rouen.aha-avocats.fr\/accueil\/contact\/\",\"name\":\"Contact | Agn\u00e8s HAVELETTE\",\"isPartOf\":{\"@id\":\"https:\/\/www.havelette-avocats-rouen.aha-avocats.fr\/accueil\/#website\"},\"datePublished\":\"2017-07-20T10:02:35+00:00\",\"dateModified\":\"2020-01-26T19:27:40+00:00\",\"breadcrumb\":{\"@id\":\"https:\/\/www.havelette-avocats-rouen.aha-avocats.fr\/accueil\/contact\/#breadcrumb\"},\"inLanguage\":\"fr-FR\",\"potentialAction\":[{\"@type\":\"ReadAction\",\"target\":[\"https:\/\/www.havelette-avocats-rouen.aha-avocats.fr\/accueil\/contact\/\"]}]},{\"@type\":\"BreadcrumbList\",\"@id\":\"https:\/\/www.havelette-avocats-rouen.aha-avocats.fr\/accueil\/contact\/#breadcrumb\",\"itemListElement\":[{\"@type\":\"ListItem\",\"position\":1,\"name\":\"Accueil\",\"item\":\"https:\/\/www.havelette-avocats-rouen.aha-avocats.fr\/accueil\/\"},{\"@type\":\"ListItem\",\"position\":2,\"name\":\"Contact\"}]}]}<\/script>\n<!-- \/ Yoast SEO plugin. -->","yoast_head_json":{"title":"Contact | Agn\u00e8s HAVELETTE","robots":{"index":"index","follow":"follow","max-snippet":"max-snippet:-1","max-image-preview":"max-image-preview:large","max-video-preview":"max-video-preview:-1"},"canonical":"https:\/\/www.havelette-avocats-rouen.aha-avocats.fr\/accueil\/contact\/","og_locale":"fr_FR","og_type":"article","og_title":"Contact | Agn\u00e8s HAVELETTE","og_description":"Coordon\u00e9es : Tel. : 02.35.88.54.54 (de 9h00 \u00e0 18h00) Fax : 02 35 89 56 05 Adresse : 45 all\u00e9e Paul Langevin &#8211; Immeuble Copernic 76230 Bois Guillaume Horaires : Du Lundi au Vendredi, de 9h \u00e0 12h et de 14h \u00e0 17h30 Uniquement sur rendez-vous &nbsp;Formulaire de contact : Plan d&rsquo;acc\u00e8s :","og_url":"https:\/\/www.havelette-avocats-rouen.aha-avocats.fr\/accueil\/contact\/","og_site_name":"Agn\u00e8s HAVELETTE","article_modified_time":"2020-01-26T19:27:40+00:00","twitter_card":"summary_large_image","schema":{"@context":"https:\/\/schema.org","@graph":[{"@type":"Organization","@id":"https:\/\/www.havelette-avocats-rouen.aha-avocats.fr\/accueil\/#organization","name":"Agn\u00e8s HAVELETTE","url":"https:\/\/www.havelette-avocats-rouen.aha-avocats.fr\/accueil\/","sameAs":[],"logo":{"@type":"ImageObject","inLanguage":"fr-FR","@id":"https:\/\/www.havelette-avocats-rouen.aha-avocats.fr\/accueil\/#\/schema\/logo\/image\/","url":"https:\/\/www.havelette-avocats-rouen.aha-avocats.fr\/wp-content\/uploads\/2019\/04\/cropped-logo-grand-hd-contour-blacn-1-1.png","contentUrl":"https:\/\/www.havelette-avocats-rouen.aha-avocats.fr\/wp-content\/uploads\/2019\/04\/cropped-logo-grand-hd-contour-blacn-1-1.png","width":2220,"height":696,"caption":"Agn\u00e8s HAVELETTE"},"image":{"@id":"https:\/\/www.havelette-avocats-rouen.aha-avocats.fr\/accueil\/#\/schema\/logo\/image\/"}},{"@type":"WebSite","@id":"https:\/\/www.havelette-avocats-rouen.aha-avocats.fr\/accueil\/#website","url":"https:\/\/www.havelette-avocats-rouen.aha-avocats.fr\/accueil\/","name":"Agn\u00e8s HAVELETTE","description":"Avocat au barreau de Rouen","publisher":{"@id":"https:\/\/www.havelette-avocats-rouen.aha-avocats.fr\/accueil\/#organization"},"potentialAction":[{"@type":"SearchAction","target":{"@type":"EntryPoint","urlTemplate":"https:\/\/www.havelette-avocats-rouen.aha-avocats.fr\/accueil\/?s={search_term_string}"},"query-input":"required name=search_term_string"}],"inLanguage":"fr-FR"},{"@type":"WebPage","@id":"https:\/\/www.havelette-avocats-rouen.aha-avocats.fr\/accueil\/contact\/","url":"https:\/\/www.havelette-avocats-rouen.aha-avocats.fr\/accueil\/contact\/","name":"Contact | Agn\u00e8s HAVELETTE","isPartOf":{"@id":"https:\/\/www.havelette-avocats-rouen.aha-avocats.fr\/accueil\/#website"},"datePublished":"2017-07-20T10:02:35+00:00","dateModified":"2020-01-26T19:27:40+00:00","breadcrumb":{"@id":"https:\/\/www.havelette-avocats-rouen.aha-avocats.fr\/accueil\/contact\/#breadcrumb"},"inLanguage":"fr-FR","potentialAction":[{"@type":"ReadAction","target":["https:\/\/www.havelette-avocats-rouen.aha-avocats.fr\/accueil\/contact\/"]}]},{"@type":"BreadcrumbList","@id":"https:\/\/www.havelette-avocats-rouen.aha-avocats.fr\/accueil\/contact\/#breadcrumb","itemListElement":[{"@type":"ListItem","position":1,"name":"Accueil","item":"https:\/\/www.havelette-avocats-rouen.aha-avocats.fr\/accueil\/"},{"@type":"ListItem","position":2,"name":"Contact"}]}]}},"_links":{"self":[{"href":"https:\/\/www.havelette-avocats-rouen.aha-avocats.fr\/accueil\/wp-json\/wp\/v2\/pages\/18"}],"collection":[{"href":"https:\/\/www.havelette-avocats-rouen.aha-avocats.fr\/accueil\/wp-json\/wp\/v2\/pages"}],"about":[{"href":"https:\/\/www.havelette-avocats-rouen.aha-avocats.fr\/accueil\/wp-json\/wp\/v2\/types\/page"}],"author":[{"embeddable":true,"href":"https:\/\/www.havelette-avocats-rouen.aha-avocats.fr\/accueil\/wp-json\/wp\/v2\/users\/1"}],"replies":[{"embeddable":true,"href":"https:\/\/www.havelette-avocats-rouen.aha-avocats.fr\/accueil\/wp-json\/wp\/v2\/comments?post=18"}],"version-history":[{"count":6,"href":"https:\/\/www.havelette-avocats-rouen.aha-avocats.fr\/accueil\/wp-json\/wp\/v2\/pages\/18\/revisions"}],"predecessor-version":[{"id":227,"href":"https:\/\/www.havelette-avocats-rouen.aha-avocats.fr\/accueil\/wp-json\/wp\/v2\/pages\/18\/revisions\/227"}],"wp:attachment":[{"href":"https:\/\/www.havelette-avocats-rouen.aha-avocats.fr\/accueil\/wp-json\/wp\/v2\/media?parent=18"}],"curies":[{"name":"wp","href":"https:\/\/api.w.org\/{rel}","templated":true}]}}